{"id":380,"date":"2021-10-15T18:07:44","date_gmt":"2021-10-15T18:07:44","guid":{"rendered":"http:\/\/imagia.mx\/wpsite\/?page_id=380"},"modified":"2024-09-26T16:26:32","modified_gmt":"2024-09-26T16:26:32","slug":"aviso-de-privacidad","status":"publish","type":"page","link":"https:\/\/imagia.mx\/wpsite\/aviso-de-privacidad\/","title":{"rendered":"Aviso de Privacidad"},"content":{"rendered":"\t\t<div data-elementor-type=\"wp-page\" data-elementor-id=\"380\" class=\"elementor elementor-380\">\n\t\t\t\t\t\t<section class=\"elementor-section elementor-top-section elementor-element elementor-element-ef36fab elementor-section-content-middle elementor-section-boxed elementor-section-height-default elementor-section-height-default\" data-id=\"ef36fab\" data-element_type=\"section\">\n\t\t\t\t\t\t\t<div class=\"elementor-background-overlay\"><\/div>\n\t\t\t\t\t\t\t<div class=\"elementor-container elementor-column-gap-no\">\n\t\t\t\t\t<div class=\"elementor-column elementor-col-100 elementor-top-column elementor-element elementor-element-408dd99f\" data-id=\"408dd99f\" data-element_type=\"column\">\n\t\t\t<div class=\"elementor-widget-wrap elementor-element-populated\">\n\t\t\t\t\t\t<div class=\"elementor-element elementor-element-29a53296 elementor-view-default elementor-position-top elementor-mobile-position-top elementor-widget elementor-widget-icon-box\" data-id=\"29a53296\" data-element_type=\"widget\" data-widget_type=\"icon-box.default\">\n\t\t\t\t<div class=\"elementor-widget-container\">\n\t\t\t<link rel=\"stylesheet\" href=\"https:\/\/imagia.mx\/wpsite\/wp-content\/plugins\/elementor\/assets\/css\/widget-icon-box.min.css\">\t\t<div class=\"elementor-icon-box-wrapper\">\n\n\t\t\t\t\t\t<div class=\"elementor-icon-box-icon\">\n\t\t\t\t<span  class=\"elementor-icon elementor-animation-\">\n\t\t\t\t<i aria-hidden=\"true\" class=\"fas fa-angle-double-down\"><\/i>\t\t\t\t<\/span>\n\t\t\t<\/div>\n\t\t\t\n\t\t\t\t\t\t<div class=\"elementor-icon-box-content\">\n\n\t\t\t\t\t\t\t\t\t<h4 class=\"elementor-icon-box-title\">\n\t\t\t\t\t\t<span  >\n\t\t\t\t\t\t\tIMAGIA | TU MEJOR IMPRESI\u00d3N\t\t\t\t\t\t<\/span>\n\t\t\t\t\t<\/h4>\n\t\t\t\t\n\t\t\t\t\t\t\t\t\t<p class=\"elementor-icon-box-description\">\n\t\t\t\t\t\tAVISO DE PRIVACIDAD\t\t\t\t\t<\/p>\n\t\t\t\t\n\t\t\t<\/div>\n\t\t\t\n\t\t<\/div>\n\t\t\t\t<\/div>\n\t\t\t\t<\/div>\n\t\t\t\t<div class=\"elementor-element elementor-element-7ae6527a elementor-widget elementor-widget-text-editor\" data-id=\"7ae6527a\" data-element_type=\"widget\" data-widget_type=\"text-editor.default\">\n\t\t\t\t<div class=\"elementor-widget-container\">\n\t\t\t<style>\/*! elementor - v3.23.0 - 05-08-2024 *\/\n.elementor-widget-text-editor.elementor-drop-cap-view-stacked .elementor-drop-cap{background-color:#69727d;color:#fff}.elementor-widget-text-editor.elementor-drop-cap-view-framed .elementor-drop-cap{color:#69727d;border:3px solid;background-color:transparent}.elementor-widget-text-editor:not(.elementor-drop-cap-view-default) .elementor-drop-cap{margin-top:8px}.elementor-widget-text-editor:not(.elementor-drop-cap-view-default) .elementor-drop-cap-letter{width:1em;height:1em}.elementor-widget-text-editor .elementor-drop-cap{float:left;text-align:center;line-height:1;font-size:50px}.elementor-widget-text-editor .elementor-drop-cap-letter{display:inline-block}<\/style>\t\t\t\t<p>Con fundamento en los art\u00edculos 15 y 16 de la Ley Federal de Protecci\u00f3n de Datos Personales en Posesi\u00f3n de Particulares,<strong><span>\u00a0<\/span>GRAN FORMATO DE SINALOA S.A. DE C.V.<span>\u00a0<\/span><\/strong>, mejor conocido como<span>\u00a0<\/span><strong>IMAGIA, TU MEJOR IMPRESI\u00d3N<span>\u00a0<\/span><\/strong>, con domicilio en calle Blvd. 10 de Mayo #1598, colonia Las Palmas, ciudad Los Mochis, municipio o delegaci\u00f3n Ahome, C.P. 81249, en la entidad de Sinaloa, pa\u00eds M\u00e9xico, y portal de internet<span>\u00a0<\/span><a href=\"http:\/\/www.imagia.mx\/\">www.imagia.mx<\/a>, es el responsable del uso y protecci\u00f3n de sus datos personales, y al respecto le informamos lo siguiente:<\/p><p><strong>\u00bfPara qu\u00e9 fines utilizaremos sus datos personales?<span>\u00a0<\/span><\/strong>De manera adicional, utilizaremos su informaci\u00f3n personal para las siguientes finalidades secundarias que no son necesarias para el servicio solicitado, pero que nos permiten y facilitan brindarle una mejor atenci\u00f3n: \u2022 para proveer los servicios y productos que ha solicitado, informarle sobre cambios en los mismos y evaluar la calidad del servicio que le brindamos, as\u00ed como para emitir las facturas correspondientes al servicio prestado \u2022 Mercadotecnia o publicitaria \u2022 Prospecci\u00f3n comercial<\/p><p>En caso de que no desee que sus datos personales sean tratados para estos fines secundarios, desde este momento usted nos puede comunicar lo anterior a trav\u00e9s del siguiente mecanismo: Enviando un correo electr\u00f3nico a<span>\u00a0<\/span><a href=\"mailto:privacidad@imagia.mx\">privacidad@imagia.mx<\/a><span>\u00a0<\/span>La negativa para el uso de sus datos personales para estas finalidades no podr\u00e1 ser un motivo para que le neguemos los servicios y productos que solicita o contrata con nosotros.<\/p><p><strong>\u00bfQu\u00e9 datos personales utilizaremos para estos fines?<span>\u00a0<\/span><\/strong>Para llevar a cabo las finalidades descritas en el presente aviso de privacidad, utilizaremos los siguientes datos personales: \u2022 Nombre \u2022 Registro Federal de Contribuyentes (RFC) \u2022 Datos de identificaci\u00f3n \u2022 Datos de contacto \u2022 Datos migratorios \u2022 Datos patrimoniales y\/o financieros<\/p><p><strong>\u00bfC\u00f3mo puede acceder, rectificar o cancelar sus datos personales, u oponerse a su uso?<span>\u00a0<\/span><\/strong>Usted tiene derecho a conocer qu\u00e9 datos personales tenemos de usted, para qu\u00e9 los utilizamos y las condiciones del uso que les damos (Acceso). Asimismo, es su derecho solicitar la correcci\u00f3n de su informaci\u00f3n personal en caso de que est\u00e9 desactualizada, sea inexacta o incompleta (Rectificaci\u00f3n); que la eliminemos de nuestros registros o bases de datos cuando considere que la misma no est\u00e1 siendo utilizada adecuadamente (Cancelaci\u00f3n); as\u00ed como oponerse al uso de sus datos personales para fines espec\u00edficos (Oposici\u00f3n). Estos derechos se conocen como derechos ARCO. Para el ejercicio de cualquiera de los derechos ARCO, usted deber\u00e1 presentar la solicitud respectiva a trav\u00e9s del siguiente medio: Enviando un correo electr\u00f3nico a:<span>\u00a0<\/span><a href=\"mailto:privacidad@imagia.mx\">privacidad@imagia.mx<\/a><\/p><p><strong>Para conocer el procedimiento y requisitos para el ejercicio de los derechos ARCO, ponemos a su disposici\u00f3n el siguiente medio:<span>\u00a0<\/span><\/strong>Enviando un correo electr\u00f3nico a:<span>\u00a0<\/span><a href=\"mailto:privacidad@imagia.mx\">privacidad@imagia.mx<\/a><span>\u00a0<\/span>Los datos de contacto de la persona o departamento de datos personales, que est\u00e1 a cargo de dar tr\u00e1mite a las solicitudes de derechos ARCO, son los siguientes: a) Nombre de la persona o departamento de datos personales: Paul Pacheco b) Domicilio: calle Blvd. 10 de Mayo #1598, colonia Las Palmas, ciudad Los Mochis, municipio o delegaci\u00f3n Ahome, c.p. 81249, en la entidad de Sinaloa, pa\u00eds M\u00e9xico c) Correo electr\u00f3nico:<span>\u00a0<\/span><a href=\"mailto:compras@imagia.mx\">privacidad@imagia.mx<\/a><span>\u00a0<\/span>d) N\u00famero telef\u00f3nico: (668) 8199225 ext 108\u00a0Otro dato de contacto:<span>\u00a0<\/span><a href=\"mailto:privacidad@imagia.mx\">privacidad@imagia.mx<\/a><\/p><p><strong>Usted puede revocar su consentimiento para el uso de sus datos personales<span>\u00a0<\/span><\/strong>Usted puede revocar el consentimiento que, en su caso, nos haya otorgado para el tratamiento de sus datos personales. Sin embargo, es importante que tenga en cuenta que no en todos los casos podremos atender su solicitud o concluir el uso de forma inmediata, ya que es posible que por alguna obligaci\u00f3n legal requiramos seguir tratando sus datos personales. Asimismo, usted deber\u00e1 considerar que para ciertos fines, la revocaci\u00f3n de su consentimiento implicar\u00e1 que no le podamos seguir prestando el servicio que nos solicit\u00f3, o la conclusi\u00f3n de su relaci\u00f3n con nosotros. Para revocar su consentimiento deber\u00e1 presentar su solicitud a trav\u00e9s del siguiente medio: Enviando un correo electr\u00f3nico a:<span>\u00a0<\/span><a href=\"mailto:privacidad@imagia.mx\">privacidad@imagia.mx<\/a><span>\u00a0<\/span>Para conocer el procedimiento y requisitos para la revocaci\u00f3n del consentimiento, ponemos a su disposici\u00f3n el siguiente medio: Enviando un correo electr\u00f3nico a:<span>\u00a0<\/span><a href=\"mailto:privacidad@imagia.mx\">privacidad@imagia.mx<\/a><\/p><p><strong>\u00bfC\u00f3mo puede limitar el uso o divulgaci\u00f3n de su informaci\u00f3n personal?<span>\u00a0<\/span><\/strong>Con objeto de que usted pueda limitar el uso y divulgaci\u00f3n de su informaci\u00f3n personal, le ofrecemos los siguientes medios: Enviando un correo electr\u00f3nico a:<span>\u00a0<\/span><a href=\"mailto:privacidad@imagia.mx\">privacidad@imagia.mx<\/a><\/p><p><strong>El uso de tecnolog\u00edas de rastreo en nuestro portal de internet<span>\u00a0<\/span><\/strong>Le informamos que en nuestra p\u00e1gina de internet utilizamos cookies, web beacons u otras tecnolog\u00edas, a trav\u00e9s de las cuales es posible monitorear su comportamiento como usuario de internet, as\u00ed como brindarle un mejor servicio y experiencia al navegar en nuestra p\u00e1gina. Los datos personales que recabamos a trav\u00e9s de estas tecnolog\u00edas, los utilizaremos para los siguientes fines: Para proveer los productos y servicios que ofrecemos, as\u00ed como actividades afines Los datos personales que obtenemos de estas tecnolog\u00edas de rastreo son los siguientes: Regi\u00f3n en la que se encuentra el usuario Tipo de navegador del usuario Tipo de sistema operativo del usuario Fecha y hora del inicio y final de una sesi\u00f3n de un usuario B\u00fasquedas realizadas por un usuario Publicidad revisada por un usuario<\/p><p><strong>\u00bfC\u00f3mo puede conocer los cambios en este aviso de privacidad?<span>\u00a0<\/span><\/strong>El presente aviso de privacidad puede sufrir modificaciones, cambios o actualizaciones derivadas de nuevos requerimientos legales; de nuestras propias necesidades por los productos o servicios que ofrecemos; de nuestras pr\u00e1cticas de privacidad; de cambios en nuestro modelo de negocio, o por otras causas. Nos comprometemos a mantenerlo informado sobre los cambios que pueda sufrir el presente aviso de privacidad, a trav\u00e9s de: A trav\u00e9s de nuestra p\u00e1gina web<span>\u00a0<\/span><a href=\"http:\/\/www.imagia.mx\/\">www.imagia.mx<\/a>. El procedimiento a trav\u00e9s del cual se llevar\u00e1n a cabo las notificaciones sobre cambios o actualizaciones al presente aviso de privacidad es el siguiente: A trav\u00e9s de nuestra p\u00e1gina web<span>\u00a0<\/span><a href=\"http:\/\/www.imagia.mx\/\">www.imagia.mx<\/a><\/p>\t\t\t\t\t\t<\/div>\n\t\t\t\t<\/div>\n\t\t\t\t\t<\/div>\n\t\t<\/div>\n\t\t\t\t\t<\/div>\n\t\t<\/section>\n\t\t\t\t<\/div>\n\t\t","protected":false},"excerpt":{"rendered":"<p>IMAGIA | TU MEJOR IMPRESI\u00d3N AVISO DE PRIVACIDAD Con fundamento en los art\u00edculos 15 y 16 de la Ley Federal de Protecci\u00f3n de Datos Personales en Posesi\u00f3n de Particulares,\u00a0GRAN FORMATO DE SINALOA S.A. DE C.V.\u00a0, mejor conocido como\u00a0IMAGIA, TU MEJOR IMPRESI\u00d3N\u00a0, con domicilio en calle Blvd. 10 de Mayo #1598, [&hellip;]<\/p>\n","protected":false},"author":1,"featured_media":0,"parent":0,"menu_order":0,"comment_status":"closed","ping_status":"closed","template":"page-templates\/template-pagebuilder-full-width.php","meta":{"ngg_post_thumbnail":0,"footnotes":""},"class_list":["post-380","page","type-page","status-publish","hentry"],"_links":{"self":[{"href":"https:\/\/imagia.mx\/wpsite\/wp-json\/wp\/v2\/pages\/380","targetHints":{"allow":["GET"]}}],"collection":[{"href":"https:\/\/imagia.mx\/wpsite\/wp-json\/wp\/v2\/pages"}],"about":[{"href":"https:\/\/imagia.mx\/wpsite\/wp-json\/wp\/v2\/types\/page"}],"author":[{"embeddable":true,"href":"https:\/\/imagia.mx\/wpsite\/wp-json\/wp\/v2\/users\/1"}],"replies":[{"embeddable":true,"href":"https:\/\/imagia.mx\/wpsite\/wp-json\/wp\/v2\/comments?post=380"}],"version-history":[{"count":9,"href":"https:\/\/imagia.mx\/wpsite\/wp-json\/wp\/v2\/pages\/380\/revisions"}],"predecessor-version":[{"id":739,"href":"https:\/\/imagia.mx\/wpsite\/wp-json\/wp\/v2\/pages\/380\/revisions\/739"}],"wp:attachment":[{"href":"https:\/\/imagia.mx\/wpsite\/wp-json\/wp\/v2\/media?parent=380"}],"curies":[{"name":"wp","href":"https:\/\/api.w.org\/{rel}","templated":true}]}}